t c(w) = w**3 + 38*w**2 - 30*w + 506. What is c(-39)?
155
Let b(m) = 20695*m - 62083. Determine b(3).
2
Let j(y) = 99*y - 241. What is j(4)?
155
Let w(u) = -226*u + 2039. What is w(9)?
5
Let z(n) = -n**2 + 3*n + 72. Give z(-8).
-16
Let t(s) = 12*s**2 + 23*s + 28. What is t(-2)?
30
Let a(n) = 2524*n + 2. Calculate a(0).
2
Let q(p) = 18*p**3 + 5*p**2 - p - 12. What is q(-2)?
-134
Let l(p) = -107*p - 8780. Calculate l(-82).
-6
Let v(j) = -1174*j - 9383. Determine v(-8).
9
Let y(l) = -l**3 - 21*l**2 + 26*l + 1054. Determine y(-8).
14
Let u(z) = -33*z + 295. What is u(8)?
31
Let w(u) = -u**3 + 15*u**2 - 15*u - 38. Determine w(6).
196
Let y(o) = -9*o - 196. What is y(0)?
-196
Let g(p) = 2*p**3 + 3*p**2 - 14*p - 36. What is g(-2)?
-12
Let j(d) = -26*d + 14. Determine j(4).
-90
Let d(l) = -2*l**3 - 13*l**2 + 88*l + 570. What is d(-6)?
6
Let j(v) = 75*v + 2411. Give j(-32).
11
Let n(z) = 12*z**2 + 538*z - 37. What is n(-45)?
53
Let r(p) = -1034*p - 5126. What is r(-5)?
44
Let g(s) = -19*s**2 + 438*s - 31. Determine g(23).
-8
Let t(i) = -49*i - 1237. Calculate t(-27).
86
Let m(p) = 2*p**2 - 25*p - 194. Determine m(18).
4
Let n(w) = -80*w - 116. What is n(-2)?
44
Let y(f) = -10*f - 100. What is y(-10)?
0
Let p(y) = -58*y - 6570. Calculate p(-114).
42
Let t(v) = -3*v**2 + 439*v - 1015. What is t(144)?
-7
Let u(o) = 3*o**2 - 16*o - 27. Calculate u(0).
-27
Let r(y) = -16*y**2 - 100*y + 6. Determine r(-6).
30
Let u(y) = -88*y - 783. Calculate u(-9).
9
Let h(s) = s**3 - 30*s**2 + 141*s + 18. Determine h(6).
0
Let p(d) = d**2 + 319*d + 22135. Give p(-102).
1
Let u(s) = 11*s**2 + 163*s - 114. Give u(-15).
-84
Let t(v) = -v**3 - 47*v**2 - 174*v - 188. Determine t(-43).
-102
Let j(z) = -607*z + 9105. What is j(15)?
0
Let o(i) = 3*i**3 + i**2 + 4*i + 13. Determine o(-4).
-179
Let z(c) = 9*c**3 - 88*c**2 - 29*c + 85. Give z(10).
-5
Let j(n) = -136*n + 2993. Calculate j(22).
1
Let c(z) = z**2 + 93*z + 810. Give c(-83).
-20
Let s(v) = 159*v - 1565. Determine s(10).
25
Let o(a) = -a**2 - 39*a + 3. What is o(0)?
3
Let o(z) = -67*z - 1602. What is o(-24)?
6
Let f(i) = -13*i**2 - 11*i - 115. Calculate f(-5).
-385
Let d(x) = x**3 - 6*x**2 - 24*x + 79. Give d(9).
106
Let o(j) = -3*j**3 - 74*j**2 - 46*j + 40. Determine o(-24).
-8
Let w(b) = -288*b - 270. Determine w(-1).
18
Let a(b) = -b**3 + 24*b**2 + 42*b - 989. Determine a(24).
19
Let f(m) = -23*m - 297. Give f(-15).
48
Let j(l) = -l**3 + 16*l**2 - 57*l + 96. Give j(12).
-12
Let i(m) = -41*m + 3363. What is i(82)?
1
Let o(t) = -28*t + 723. Determine o(25).
23
Let l(m) = 641*m + 2176. Give l(-4).
-388
Let r(j) = -342*j - 29760. Calculate r(-87).
-6
Let k(x) = 312*x + 1859. Determine k(-6).
-13
Let p(s) = -16*s**2 - 261*s + 33. What is p(-17)?
-154
Let x(h) = -h**3 + 73*h**2 - 216*h + 381. Determine x(70).
-39
Let y(w) = -17*w + 183. Calculate y(14).
-55
Let u(d) = -7*d - 347. Calculate u(-46).
-25
Let h(u) = -24*u**2 + 11*u - 88. Give h(5).
-633
Let i(z) = -98*z + 726. Determine i(8).
-58
Let n(u) = -23*u**2 + 1781*u + 1009. What is n(78)?
-5
Let n(g) = -2*g**2 + 10*g + 58. Determine n(-4).
-14
Let n(j) = 2*j**2 - 162*j - 10. What is n(0)?
-10
Let l(f) = -2*f**3 + 3*f**2 + 57*f - 196. Calculate l(4).
-48
Let j(m) = 64*m - 7750. Determine j(121).
-6
Let d(t) = t**3 + 34*t**2 - 105*t - 1208. What is d(-36)?
-20
Let h(j) = -j**2 + 46*j - 436. Give h(24).
92
Let y(u) = -300*u**2 + 6000*u + 22. Calculate y(20).
22
Let k(w) = -569*w - 3403. Give k(-6).
11
Let o(p) = -26*p + 737. What is o(28)?
9
Let a(y) = -20*y + 7920. Calculate a(396).
0
Let i(v) = 7*v**2 + 2*v + 2. Calculate i(1).
11
Let l(a) = -a**3 + 4*a**2 - 24*a + 101. What is l(4)?
5
Let k(o) = 1063*o + 13793. Give k(-13).
-26
Let z(b) = -2*b**3 + 58*b**2 - 108*b - 13. Give z(27).
-13
Let s(y) = 11*y - 103. Determine s(8).
-15
Let o(u) = -6*u**2 + 191*u + 106. What is o(32)?
74
Let o(w) = -2*w**2 + 96*w - 825. What is o(37)?
-11
Let d(m) = -2*m**2 + 139*m + 3630. Give d(90).
-60
Let z(t) = t**3 + 28*t**2 - 76*t - 49. Calculate z(3).
2
Let z(s) = -15*s**2 - 54*s - 105. What is z(-5)?
-210
Let x(i) = i**2 + 182*i - 4720. Give x(23).
-5
Let q(n) = -22*n - 13. Determine q(-10).
207
Let b(d) = -81*d - 4818. What is b(-58)?
-120
Let o(z) = -48*z - 1220. Determine o(-26).
28
Let i(w) = 2*w**2 + 156*w - 11401. Calculate i(-124).
7
Let s(x) = -x**2 + 519*x - 3073. What is s(6)?
5
Let y(r) = 69*r + 1149. Give y(-17).
-24
Let m(d) = -2*d**2 + 15*d - 85. Calculate m(0).
-85
Let i(l) = 3*l + 115. Determine i(-16).
67
Let s(g) = g**3 - 60*g**2 - 126*g + 69. What is s(62)?
-55
Let b(j) = 20*j**2 + 30*j + 137. What is b(-5)?
487
Let k(l) = l**3 - 2*l**2 - 69*l + 6. Calculate k(0).
6
Let k(i) = -71*i + 5. What is k(0)?
5
Let o(y) = -19*y**2 - 24*y - 1. What is o(-4)?
-209
Let d(a) = a**3 - 11*a**2 + 15*a + 7. Determine d(8).
-65
Let m(n) = -9*n + 1464. Calculate m(162).
6
Let w(q) = 5*q**2 + 84*q - 96. Calculate w(-19).
113
Let m(o) = 8*o - 103. Calculate m(15).
17
Let u(w) = 583*w - 64. Determine u(0).
-64
Let h(o) = -105*o + 87. Determine h(2).
-123
Let s(r) = r**3 + 47*r**2 - 104*r - 229. What is s(-49)?
65
Let n(a) = a**3 - 61*a**2 - 1324*a - 154. Determine n(78).
2
Let b(j) = -8*j**2 - 129*j + 568. Calculate b(-20).
-52
Let x(n) = -15*n - 851. Calculate x(-55).
-26
Let z(j) = 103*j - 36. Determine z(-2).
-242
Let w(y) = -5*y**3 + 144*y**2 + 30*y - 8. Determine w(29).
21
Let n(b) = 19*b - 340. Give n(16).
-36
Let i(c) = 15*c - 224. What is i(15)?
1
Let m(n) = n**2 - 249*n + 3264. Calculate m(14).
-26
Let b(d) = 46*d**2 + 1661*d + 195. Determine b(-36).
15
Let v(u) = 492*u - 2477. Calculate v(5).
-17
Let a(q) = -5*q**2 + 90*q + 49. Determine a(18).
49
Let m(o) = -2*o**3 - 19*o**2 - 46*o - 11. Give m(-5).
-6
Let v(q) = -q**2 + 702*q - 69381. Determine v(119).
-4
Let k(z) = 7*z**2 - 299*z + 211. Determine k(42).
1
Let q(d) = -3*d**2 + 506*d + 662. What is q(170)?
-18
Let t(g) = -7*g**3 - 8*g**2 + 23*g + 59. Give t(-2).
37
Let k(r) = -r**2 + 106*r + 2420. What is k(-20)?
-100
Let s(o) = o**2 + 18*o + 71. Calculate s(-13).
6
Let k(a) = -a**3 - 14*a**2 + a + 29. Calculate k(-13).
-153
Let b(k) = 962*k - 1926. Give b(2).
-2
Let w(d) = 14*d + 6. Determine w(-4).
-50
Let o(q) = -2*q**2 - 2800*q - 47028. Determine o(-17).
-6
Let m(j) = -3*j**3 - 23*j**2 - 17*j + 9. Give m(-7).
30
Let g(d) = -d**2 + 62*d - 951. Determine g(31).
10
Let z(o) = 208*o - 634. Determine z(3).
-10
Let a(d) = -8*d**2 + 292*d - 1568. Calculate a(30).
-8
Let p(g) = -85*g + 2437. Give p(29).
-28
Let n(c) = -c**3 + 3*c**2 + 26*c - 127. Give n(6).
-79
Let i(d) = 3*d**2 + 11*d - 48. Give i(-10).
142
Let g(p) = 6*p**3 - 78*p**2 - 15*p + 2. Give g(13).
-193
Let u(z) = 49*z + 2649. Determine u(-54).
3
Let p(q) = -29*q + 1363. Give p(46).
29
Let g(n) = n**3 + 36*n**2 + 132*n - 91. Give g(-32).
-219
Let j(y) = y**3 + 388*y**2 - 8594*y - 2048. What is j(-409)?
-3
Let z(q) = -53*q**2 - 7*q + 13. Give z(1).
-47
Let b(z) = -z**3 + 156*z**2 - 2490*z + 829. Give b(138).
1
Let k(c) = 115*c + 806. What is k(-7)?
1
Let i(f) = f**3 - 37*f**2 - 54*f - 899. Calculate i(39).
37
Let n(m) = -16*m + 296. Give n(18).
8
Let h(r) = -203*r - 409. What is h(-2)?
-3
Let c(k) = -8*k**2 + 2*k - 4. What is c(0)?
-4
Let j(i) = i**2 - 30*i - 67. Give j(32).
-3
Let t(i) = -i**3 + 5*i**2 + 23*i - 65. Determine t(5).
50
Let u(d) = -2*d**2 - 726*d - 2173. Determine u(-3).
-13
Let w(c) = -c**3 + 129*c**2 - 1197*c - 14. Determine w(10).
-84
Let f(s) = -s**3 + 22*s**2 - 41*s + 9. What is f(20)?
-11
Let h(r) = -r**2 - 116*r + 13282. What is h(71)?
5
Let h(t) = 57*t**2 + 4*t - 19. Determine h(3).
506
Let i(z) = -2*z**2 + 65*z + 72. What is i(34)?
-30
Let l(h) = -h**3 - 28*h**2 + 2203*h - 121. Calculate l(-63).
5
Let p(w) = 56*w - 108. What is p(2)?
4
Let z(a) = -14*a**2 + 108*a - 9. What is z(8)?
-41
Let d(x) = -12*x + 307. Give d(21).
55
Let b(s) = -9*s**3 + 323*s**2 + 38*s - 69. What is b(36)?
3
Let y(o) = 901*o + 69380. Determine y(-77).
3
Let t(f) = 12*f**2 - 21*f - 7. Give t(2).
-1
Let t(f) = -4*f**3 - 47*f**2 + 68*f + 14. Calculate t(-13).
-25
Let n(q) = q**3 + 4*q**2 - 55*q - 31. What is n(6)?
-1
Let o(m) = m**2 + 19*m - 32. Determine o(-18).
-50
Let p(l) = 147*l**2 - 433*l - 41. Calculate p(3).
-17
Let x(l) = -l**3 - 45*l**2 - 127*l - 27. What is x(-4